r of x and t.
2
Suppose -5*v = 20, 4*b - 3*v = 312 - 268. Let h = -2 - -2. Suppose -d + 88 = -h*d. What is the greatest common factor of d and b?
8
Let u = 3257 + -2235. What is the greatest common factor of u and 14?
14
Suppose 3*y + i - 160 = 0, 106*y - 105*y - 45 = -2*i. Let g = 0 - -11. What is the highest common factor of g and y?
11
Suppose -304*m = -300*m - 2204. Calculate the highest common divisor of 95 and m.
19
Let v(o) = 19*o + 30 - 46*o + 22*o + 0. Let w be v(-12). Calculate the highest common factor of 135 and w.
45
Let z(r) = -5*r**3 - 16*r**2 - 57*r - 40. Let q be z(-3). What is the highest common factor of 1769 and q?
61
Suppose 3*a + 7349 = 4*g, -9225 = -5*g + 109*a - 113*a. Calculate the greatest common factor of g and 7.
7
Let k be ((-112)/21)/(40/(-270)). Calculate the highest common divisor of k and 2676.
12
Let n be (32/80)/(1*1/(-10)). Let h be 1/(n + 3 + 22/20). Suppose 94 = 4*l - i - 2*i, 4*i - 108 = -4*l. Calculate the highest common divisor of h and l.
5
Suppose n = -x + 7, 4*x - 5*n = -14 + 78. Let v(p) = -p**3 + 6*p**2 - p - 57. Let w be v(-8). Calculate the greatest common divisor of w and x.
11
Let d(p) = 91*p - 7. Let j be d(2). Let l(o) = -13*o - 4. Let m(n) = -n + 6. Let t be m(9). Let c be l(t). What is the highest common divisor of j and c?
35
Let y be (-29)/(2/(3 + -1)). Let s = 33 + y. Let h = 87 - 81. What is the highest common divisor of s and h?
2
Let q(j) = -438*j + 1692. Let h be q(3). Calculate the greatest common factor of h and 138.
6
Let v(m) = -1095*m - 375. Let o be v(-2). What is the greatest common factor of o and 330?
165
Suppose -1820 = -0*z - 20*z. Let k = 144 + -105. What is the highest common factor of k and z?
13
Let v(s) = -52*s + 407. Let a be v(-22). Calculate the highest common divisor of 282 and a.
141
Let s(a) = 2*a**2 + 38*a + 125. Let h be s(-16). Calculate the highest common factor of h and 232.
29
Suppose -4862 = 67*i - 17056. Calculate the highest common factor of 130 and i.
26
Suppose -8 = -2*f, 0*o - 2 = 3*o + f. Let n be (-24)/(-30)*(15/o)/(-3). Calculate the greatest common factor of 39 and n.
1
Let i = -18 + 24. Let s be (i - 7)*(-58 + -5). What is the highest common factor of 27 and s?
9
Suppose 10*l - 154 = -14. Suppose -15*x + 957 = l*x. Let j = -18 - -29. Calculate the greatest common factor of x and j.
11
Let c(o) = -o**3 + 3*o**2 + 109*o + 837. Let f be c(-7). Calculate the greatest common factor of f and 2021.
47
Let w = 244 - 169. Let r be (14/(-63))/(1/(-3))*(-58 + 148). Calculate the highest common factor of w and r.
15
Let v = -12875 + 25678. What is the highest common divisor of v and 651?
217
Let q be ((-192)/(-384))/(2 + 129/(-66)). Suppose -4*n + 60 = -4*t, 25 = 4*n - t - 23. Calculate the highest common factor of n and q.
11
Let m = 15036 - 8811. What is the highest common factor of 75 and m?
75
Suppose 34*k + 105 + 1255 = 0. Let j(f) = 5*f - 1. Let v be j(1). Let p be (-1 - k/v) + -3. Calculate the greatest common factor of 18 and p.
6
Let o = 92 + -86. Suppose -4*a + 176 = 3*m, 4*m - 2*a - 232 = -o*a. What is the highest common factor of 56 and m?
56
Let i = -146 - -361. Let o be (-348)/(-8) + -4 + 49/14. Calculate the greatest common factor of i and o.
43
Suppose -13 + 291 = 14*u - 324. Let r = -808 + 1367. What is the greatest common factor of u and r?
43
Suppose 0 = -m + 3*q + 14, 2*m - 18 = 5*q + 5. Let w = m + -11. Let h be (39/w)/(9/12)*-3. Calculate the greatest common factor of h and 26.
13
Suppose u - 4*u - 3*x + 804 = 0, 3*u = 2*x + 814. Suppose u = 5*d - 500. Let k = -33 - -47. Calculate the highest common divisor of d and k.
14
Suppose -p - 3*p = -120. Let t = -11263 - -11275. Calculate the highest common divisor of t and p.
6
Let l(g) be the first derivative of -91*g**2 - 28*g + 18*g + 8*g - 30. Let q be l(-1). What is the highest common divisor of 18 and q?
18
Let r = 67 - 63. Suppose 5*y - 8*y - 2*t + 101 = 0, 0 = r*y - 5*t - 173. Calculate the greatest common factor of y and 333.
37
Let s = -442 + 972. What is the greatest common divisor of s and 10?
10
Let m = -13 + 19. Let v = -894 - -1525. Let y = v + -583. Calculate the greatest common divisor of y and m.
6
Suppose 2*b - 4*d = 3*b - 3, 3 = b + 5*d. Suppose -b*t - 193 = -28. Let v = t + 63. Calculate the highest common factor of v and 2.
2
Suppose 51 = -36*h + 2521 + 11354. Calculate the greatest common divisor of h and 9.
3
Suppose -722*r - 3*l = -717*r - 235, -4*r + 5*l = -151. Calculate the greatest common factor of 1764 and r.
4
Let i be (-10 + 14)/(146/(-74) + 2). What is the highest common factor of 962 and i?
74
Let z be (-58)/(-1)*1/2. Suppose -123*l - 506 = -8*v - 129*l, v + 2*l - 72 = 0. Calculate the highest common divisor of v and z.
29
Suppose 4*w = 2*j + 88, 0 = -4*w + 8*j - 4*j + 80. Let p = -1289 - -2177. What is the greatest common divisor of w and p?
24
Suppose -c - 2 = -31. Let l = 12092 - 11831. Calculate the highest common divisor of l and c.
29
Let j(b) = b**3 + 19*b**2 + 17*b + 9. Let q be j(-18). Suppose 0 = -11*s + 156 + 130. Suppose -5*f = -s - 19. Calculate the highest common factor of q and f.
9
Let t = -11512 + 12066. Calculate the highest common factor of 16897 and t.
277
Suppose -8*l - 253 + 749 = 0. Suppose 4*i = 138 + l. Suppose -43 = -2*p - 3. Calculate the greatest common factor of p and i.
10
Let f = 397 + -185. Let k be 1550/465*(-159)/(-10). What is the highest common factor of f and k?
53
Let t(u) = u**2 + 8*u + 4. Let i be t(-13). Suppose -y + c = -i, -c = 2*y + 2*y - 251. Let w = -4 + 12. Calculate the highest common factor of y and w.
8
Suppose 12*s = 22*s - 600. Suppose -4*v = 4, -3*r + 9*v = 8*v - 451. Calculate the greatest common factor of r and s.
30
Let z(x) = -x**3 + 2*x**2 - 137*x + 12. Let w be z(0). What is the greatest common factor of 3966 and w?
6
Suppose 145 = 3*c + 5*n - 360, 338 = 2*c + 4*n. Suppose 8 = s + 59. Let k = -36 - s. Calculate the greatest common divisor of c and k.
15
Let r(u) = -2*u + 19. Let k be r(3). Let a = 13 + -13. Suppose 3*g - k - 68 = a. Calculate the greatest common factor of g and 3.
3
Let o be ((-3312)/(-10))/((-42)/(-1120)). Calculate the greatest common divisor of 24 and o.
24
Let f(y) = -y + 2. Let h be f(-4). Let v(w) be the first derivative of -w**2 + 6*w + 141. Let j be v(-9). Calculate the greatest common factor of j and h.
6
Suppose 42*k - 35*k - 10808 = 0. Let o = 886 - 878. Calculate the greatest common divisor of k and o.
8
Let w be (43 + -33 - 12)/((-1)/((-4)/(-1))). Calculate the highest common factor of w and 960.
8
Let z(l) = -l**2 + l + 42. Let y be z(-6). Let t(a) = -a**2 + a + 27. Let d be t(y). What is the highest common factor of d and 189?
27
Let v = 3990 + -3976. Let o = -1839 + 2763. Calculate the greatest common divisor of v and o.
14
Let v be ((-1)/(-2))/((-2)/160). Let q = v + 25. Let n be 1/(q/5)*-18. Calculate the highest common divisor of 15 and n.
3
Suppose -3*n - 32*v + 552 = -35*v, 3*n + 3*v = 576. What is the greatest common factor of 799 and n?
47
Suppose 4*q - 5*l - 19664 = -0*q, 5*q = -l + 24522. Calculate the greatest common divisor of 22 and q.
22
Let b(f) = -f**3 + 14*f**2 - 45*f - 12. Let h be b(6). What is the highest common divisor of 1458 and h?
6
Let t(y) = -y**2 - 12*y - 13. Let b be t(-22). Let j = b + 393. Calculate the greatest common factor of 10 and j.
10
Let c = -84 + 44. Let s = c + 56. Suppose 503 = 8*n - 905. Calculate the greatest common divisor of s and n.
16
Suppose 0 = -2*m + 5*u + 6, -3*m + 6 = 3*u - 3. Let z be (215/m)/((-8)/(-24)). Calculate the highest common factor of z and 172.
43
Let q = -56 + 122. Let t = 60 - q. Let y(h) = -10*h + 20. Let c be y(t). Calculate the highest common factor of c and 20.
20
Let r(g) = -g**2 - 100*g - 538. Let a be r(-6). What is the highest common divisor of 20813 and a?
13
Suppose 119254 + 174676 = 323*a. What is the greatest common factor of a and 104?
26
Let r be ((-110)/(-3))/((43/6)/43). What is the greatest common divisor of 380 and r?
20
Let g = 1044 - 341. Suppose -3420 = 19304*o - 19484*o. Calculate the highest common divisor of o and g.
19
Suppose 2*q + 552 = 3*w, 5*q = -2*w - 112 + 461. Let b be 10905/40 - 9/(-24). What is the greatest common factor of b and w?
91
Suppose -6*t + 164 = -2*t. Let 